{"id":2,"date":"2024-08-20T15:52:46","date_gmt":"2024-08-20T15:52:46","guid":{"rendered":"https:\/\/fisenf.e-vadis.com\/?page_id=2"},"modified":"2025-10-09T21:21:06","modified_gmt":"2025-10-09T21:21:06","slug":"quienes-somos","status":"publish","type":"page","link":"https:\/\/fisenf.e-vadis.com\/index.php\/quienes-somos\/","title":{"rendered":"Quienes Somos"},"content":{"rendered":"[et_pb_section fb_built=\u00bb1&#8243; admin_label=\u00bbsection\u00bb _builder_version=\u00bb4.16&#8243; global_colors_info=\u00bb{}\u00bb][et_pb_row _builder_version=\u00bb4.27.4&#8243; _module_preset=\u00bbdefault\u00bb global_colors_info=\u00bb{}\u00bb][et_pb_column type=\u00bb4_4&#8243; _builder_version=\u00bb4.27.4&#8243; _module_preset=\u00bbdefault\u00bb global_colors_info=\u00bb{}\u00bb][et_pb_heading title=\u00bbQUIENES SOMOS\u00bb _builder_version=\u00bb4.27.4&#8243; _module_preset=\u00bbdefault\u00bb global_colors_info=\u00bb{}\u00bb][\/et_pb_heading][\/et_pb_column][\/et_pb_row][et_pb_row admin_label=\u00bbrow\u00bb _builder_version=\u00bb4.16&#8243; background_size=\u00bbinitial\u00bb background_position=\u00bbtop_left\u00bb background_repeat=\u00bbrepeat\u00bb global_colors_info=\u00bb{}\u00bb][et_pb_column type=\u00bb4_4&#8243; _builder_version=\u00bb4.16&#8243; custom_padding=\u00bb|||\u00bb global_colors_info=\u00bb{}\u00bb custom_padding__hover=\u00bb|||\u00bb][et_pb_text admin_label=\u00bbText\u00bb _builder_version=\u00bb4.16&#8243; background_size=\u00bbinitial\u00bb background_position=\u00bbtop_left\u00bb background_repeat=\u00bbrepeat\u00bb global_colors_info=\u00bb{}\u00bb]<p><\/p>\n<p><strong>LA MISI\u00d3N<\/strong><\/p>\n<p>Fisenf es una empresa dedicada a la salud y al bienestar de las personas. Est\u00e1 destinada a cubrir los aspectos de promoci\u00f3n, prevenci\u00f3n, tratamiento y rehabilitaci\u00f3n de los diferentes procesos de salud mediante tratamientos de fisioterapia, utilizando las t\u00e9cnicas m\u00e1s innovadoras y efectivas. Nos comprometemos a garantizar un servicio de calidad, promoviendo un ambiente acogedor y de confianza, donde nuestros pacientes pueden sentirse c\u00f3modos y seguros en su proceso de recuperaci\u00f3n.<\/p>\n<p><strong><\/strong><\/p>\n<p><strong><\/strong><\/p>\n<p><strong>HACIA DONDE QUEREMOS IR<\/strong><\/p>\n<p>Fisenf, pretende lograr un modelo de trabajo consolidado, que se caracterice por una valoraci\u00f3n integral del paciente, tratamiento individualizado y trato personal.<\/p>\n<p><strong><\/strong><\/p>\n<p><strong><\/strong><\/p>\n<p><strong>NUESTROS VALORES<\/strong><\/p>\n<ul class=\"wp-block-list\">\n<ul class=\"wp-block-list\">\n<li>Responsabilidad con la sociedad de hacer el bien<\/li>\n<li>Compromiso con la comunidad cient\u00edfica<\/li>\n<li>Lealtad a los c\u00f3digos deontol\u00f3gicos<\/li>\n<li>Trabajo en equipo interdisciplinar<\/li>\n<li>Innovaci\u00f3n, diversificaci\u00f3n y formaci\u00f3n continua<\/li>\n<li>Esfuerzo, dedicaci\u00f3n, ilusi\u00f3n<\/li>\n<\/ul>\n<\/ul>\n<p><\/p>\n<p>&nbsp;<\/p>\n<p><strong>CONOCE A NUESTRO EQUIPO DE PROFESIONALES<\/strong><\/p>\n<p><\/p>[\/et_pb_text][\/et_pb_column][\/et_pb_row][et_pb_row column_structure=\u00bb1_3,1_3,1_3&#8243; _builder_version=\u00bb4.27.4&#8243; _module_preset=\u00bbdefault\u00bb global_colors_info=\u00bb{}\u00bb][et_pb_column type=\u00bb1_3&#8243; _builder_version=\u00bb4.27.4&#8243; _module_preset=\u00bbdefault\u00bb global_colors_info=\u00bb{}\u00bb][et_pb_blurb title=\u00bbkEILA RODR\u00cdGUEZ\u00bb image=\u00bbhttps:\/\/fisenf.e-vadis.com\/wp-content\/uploads\/2025\/09\/Keila.jpeg\u00bb _builder_version=\u00bb4.27.4&#8243; _module_preset=\u00bbdefault\u00bb box_shadow_style_image=\u00bbpreset1&#8243; global_colors_info=\u00bb{}\u00bb]<p>Fisioterapeuta Colegiada: 3111<\/p>\n<p>&nbsp;<\/p>\n<div class=\"ql-block\" data-block-id=\"block-dddddb15-b2b9-462a-a7fb-ca5f9d6d426d\"><\/div>\n<div class=\"ql-block\" data-block-id=\"block-dddddb15-b2b9-462a-a7fb-ca5f9d6d426d\">Me encanta acompa\u00f1ar a las personas en su proceso de recuperaci\u00f3n y en el camino hacia su mejor versi\u00f3n. Me he formado en t\u00e9cnicas avanzadas como fisioterapia invasiva, ATM, ecograf\u00eda, EPTE, adem\u00e1s de pilates suelo y ejercicio terap\u00e9utico.<\/div>\n<div class=\"ql-block\" data-block-id=\"block-8ea627c1-1e72-41f5-93c2-9d3129b4ad3b\">Mi manera de trabajar es activa y totalmente personalizada, porque cada persona y cada historia son \u00fanicas. Mi objetivo es sencillo: ayudarte a moverte mejor, recuperar tu bienestar y que vuelvas a disfrutar de la vida sin dolor.<\/div>[\/et_pb_blurb][\/et_pb_column][et_pb_column type=\u00bb1_3&#8243; _builder_version=\u00bb4.27.4&#8243; _module_preset=\u00bbdefault\u00bb global_colors_info=\u00bb{}\u00bb][et_pb_blurb title=\u00bbAlma durante\u00bb image=\u00bbhttps:\/\/fisenf.e-vadis.com\/wp-content\/uploads\/2025\/10\/Alma.jpeg\u00bb _builder_version=\u00bb4.27.4&#8243; _module_preset=\u00bbdefault\u00bb global_colors_info=\u00bb{}\u00bb]<p>Fisioterapeuta Colegiada: 2859<\/p>\n<p>&nbsp;<\/p>\n<div class=\"ql-block\" data-block-id=\"block-a960518c-3ca4-4a75-8b01-5bca27cd857f\"><strong><\/strong><\/div>\n<div class=\"ql-block\" data-block-id=\"block-a960518c-3ca4-4a75-8b01-5bca27cd857f\">Apasionada y comprometida con la fisioterapia y el deporte como herramientas para el bienestar, siempre buscando tu mejor versi\u00f3n.<\/div>\n<div class=\"ql-block\" data-block-id=\"block-a960518c-3ca4-4a75-8b01-5bca27cd857f\"><\/div>\n<div class=\"ql-block\" data-block-id=\"block-a960518c-3ca4-4a75-8b01-5bca27cd857f\"><\/div>\n<div class=\"ql-block\" data-block-id=\"block-a960518c-3ca4-4a75-8b01-5bca27cd857f\"><\/div>\n<div class=\"ql-block\" data-block-id=\"block-a960518c-3ca4-4a75-8b01-5bca27cd857f\"><\/div>\n<div class=\"ql-block\" data-block-id=\"block-a960518c-3ca4-4a75-8b01-5bca27cd857f\"><\/div>\n<div class=\"ql-block\" data-block-id=\"block-cd539831-02b6-437c-9ff5-3b94c50bee35\">Formada en fibrolisis instrumental miofascial, tratamiento y reeducaci\u00f3n de riesgos de lesiones,\u00a0 trastornos neuro-m\u00fasculo-esquel\u00e9tico, ejercicios terap\u00e9uticos, instructora de pilates, entrenamiento de fuerza, punci\u00f3n seca, fisioterapia deportiva.<\/div>[\/et_pb_blurb][\/et_pb_column][et_pb_column type=\u00bb1_3&#8243; _builder_version=\u00bb4.27.4&#8243; _module_preset=\u00bbdefault\u00bb global_colors_info=\u00bb{}\u00bb][et_pb_blurb title=\u00bbIRENE DEL PINO CABALLERO\u00bb image=\u00bbhttps:\/\/fisenf.e-vadis.com\/wp-content\/uploads\/2025\/09\/Irene.jpeg\u00bb _builder_version=\u00bb4.27.4&#8243; _module_preset=\u00bbdefault\u00bb global_colors_info=\u00bb{}\u00bb]<p>Fisioterapeuta Colegiada: 3563<\/p>\n<p>&nbsp;<\/p>\n<div class=\"ql-block\" data-block-id=\"block-fe31281e-bfaf-49e8-a6ca-0cb781971439\">\n<div class=\"ql-block\" data-block-id=\"block-fe31281e-bfaf-49e8-a6ca-0cb781971439\">Soy una fisioterapeuta motivada y cercana que trabaja contigo para mejorar tu movimiento y tu calidad de vida, para que sigas movi\u00e9ndote con seguridad y confianza.<\/div>\n<div class=\"ql-block\" data-block-id=\"block-fbcc39b2-d64d-4533-8eba-57204002748e\">Me he formado en \u00e1reas como terapia manual, drenaje linf\u00e1tico, ejercicio terap\u00e9utico, electroterapia, readaptaci\u00f3n de lesiones y t\u00e9cnicas de liberaci\u00f3n miofascial. Esto me permite crear un plan de tratamiento adaptado a ti eficaz y pensado para tus necesidades.<\/div>\n<\/div>[\/et_pb_blurb][\/et_pb_column][\/et_pb_row][\/et_pb_section][et_pb_section fb_built=\u00bb1&#8243; _builder_version=\u00bb4.27.4&#8243; _module_preset=\u00bbdefault\u00bb global_colors_info=\u00bb{}\u00bb][et_pb_row _builder_version=\u00bb4.27.4&#8243; _module_preset=\u00bbdefault\u00bb global_colors_info=\u00bb{}\u00bb][et_pb_column type=\u00bb4_4&#8243; _builder_version=\u00bb4.27.4&#8243; _module_preset=\u00bbdefault\u00bb global_colors_info=\u00bb{}\u00bb][et_pb_image _builder_version=\u00bb4.27.4&#8243; _module_preset=\u00bbdefault\u00bb global_colors_info=\u00bb{}\u00bb][\/et_pb_image][\/et_pb_column][\/et_pb_row][\/et_pb_section]","protected":false},"excerpt":{"rendered":"<p>LA MISI\u00d3N Fisenf es una empresa dedicada a la salud y al bienestar de las personas. Est\u00e1 destinada a cubrir los aspectos de promoci\u00f3n, prevenci\u00f3n, tratamiento y rehabilitaci\u00f3n de los diferentes procesos de salud mediante tratamientos de fisioterapia, utilizando las t\u00e9cnicas m\u00e1s innovadoras y efectivas. Nos comprometemos a garantizar un servicio de calidad, promoviendo un [&hellip;]<\/p>\n","protected":false},"author":1,"featured_media":0,"parent":0,"menu_order":0,"comment_status":"closed","ping_status":"open","template":"","meta":{"_et_pb_use_builder":"on","_et_pb_old_content":"<!-- wp:paragraph -->\n<p><strong>LA MISI\u00d3N<\/strong><\/p>\n<!-- \/wp:paragraph -->\n\n<!-- wp:paragraph -->\n<p>Fisenf es una empresa dedicada a la salud y al bienestar de las personas. Est\u00e1 destinada a cubrir los aspectos de promoci\u00f3n, prevenci\u00f3n, tratamiento y rehabilitaci\u00f3n de los diferentes procesos de salud mediante tratamientos de fisioterapia y cuidados de enfermer\u00eda. Todo ello bajo la responsabilidad civil del equipo, que se compromete a garantizar un servicio de calidad a\u00a0los\u00a0usuarios.<\/p>\n<!-- \/wp:paragraph -->\n\n<!-- wp:paragraph -->\n<p><strong>HACIA DONDE QUEREMOS IR<\/strong><\/p>\n<!-- \/wp:paragraph -->\n\n<!-- wp:paragraph -->\n<p>Fisenf, pretende lograr un modelo de trabajo consolidado, que se caracterice por una valoraci\u00f3n integral del paciente, tratamiento individualizado y trato personal.<\/p>\n<!-- \/wp:paragraph -->\n\n<!-- wp:paragraph -->\n<p><strong>NUESTROS VALORES<\/strong><\/p>\n<!-- \/wp:paragraph -->\n\n<!-- wp:paragraph -->\n<p><\/p>\n<!-- \/wp:paragraph -->\n\n<!-- wp:list -->\n<ul class=\"wp-block-list\"><!-- wp:list-item -->\n<li>Responsabilidad con la sociedad de hacer el bien<\/li>\n<!-- \/wp:list-item -->\n\n<!-- wp:list-item -->\n<li>Compromiso con la comunidad cient\u00edfica<\/li>\n<!-- \/wp:list-item -->\n\n<!-- wp:list-item -->\n<li>Lealtad a los c\u00f3digos deontol\u00f3gicos<\/li>\n<!-- \/wp:list-item -->\n\n<!-- wp:list-item -->\n<li>Trabajo en equipo interdisciplinar<\/li>\n<!-- \/wp:list-item -->\n\n<!-- wp:list-item -->\n<li>Innovaci\u00f3n, diversificaci\u00f3n y formaci\u00f3n continua<\/li>\n<!-- \/wp:list-item -->\n\n<!-- wp:list-item -->\n<li>Esfuerzo, dedicaci\u00f3n, ilusi\u00f3n<\/li>\n<!-- \/wp:list-item --><\/ul>\n<!-- \/wp:list -->\n\n<!-- wp:paragraph -->\n<p><\/p>\n<!-- \/wp:paragraph -->","_et_gb_content_width":"","footnotes":""},"class_list":["post-2","page","type-page","status-publish","hentry"],"_links":{"self":[{"href":"https:\/\/fisenf.e-vadis.com\/index.php\/wp-json\/wp\/v2\/pages\/2","targetHints":{"allow":["GET"]}}],"collection":[{"href":"https:\/\/fisenf.e-vadis.com\/index.php\/wp-json\/wp\/v2\/pages"}],"about":[{"href":"https:\/\/fisenf.e-vadis.com\/index.php\/wp-json\/wp\/v2\/types\/page"}],"author":[{"embeddable":true,"href":"https:\/\/fisenf.e-vadis.com\/index.php\/wp-json\/wp\/v2\/users\/1"}],"replies":[{"embeddable":true,"href":"https:\/\/fisenf.e-vadis.com\/index.php\/wp-json\/wp\/v2\/comments?post=2"}],"version-history":[{"count":20,"href":"https:\/\/fisenf.e-vadis.com\/index.php\/wp-json\/wp\/v2\/pages\/2\/revisions"}],"predecessor-version":[{"id":176,"href":"https:\/\/fisenf.e-vadis.com\/index.php\/wp-json\/wp\/v2\/pages\/2\/revisions\/176"}],"wp:attachment":[{"href":"https:\/\/fisenf.e-vadis.com\/index.php\/wp-json\/wp\/v2\/media?parent=2"}],"curies":[{"name":"wp","href":"https:\/\/api.w.org\/{rel}","templated":true}]}}